actors of 1927234.
2, 61, 15797
What are the prime factors of 699975?
3, 5, 17, 61
What are the prime factors of 34602742?
2, 29, 596599
List the prime factors of 409576.
2, 51197
What are the prime factors of 1008931?
7, 11, 13103
List the prime factors of 2623225.
5, 11, 9539
What are the prime factors of 4117645?
5, 7, 71, 1657
What are the prime factors of 916199?
19, 48221
List the prime factors of 328744.
2, 13, 29, 109
What are the prime factors of 1164547?
353, 3299
What are the prime factors of 1451105?
5, 59, 4919
What are the prime factors of 9378386?
2, 43, 167, 653
What are the prime factors of 919847?
19, 48413
List the prime factors of 12290335.
5, 463, 5309
List the prime factors of 20752834.
2, 163, 63659
List the prime factors of 745841.
17, 73, 601
List the prime factors of 4195870.
2, 5, 7, 8563
What are the prime factors of 104325?
3, 5, 13, 107
List the prime factors of 213859.
213859
List the prime factors of 17741616.
2, 3, 89, 4153
List the prime factors of 602141.
602141
List the prime factors of 2184889.
7, 29, 47, 229
List the prime factors of 2131928.
2, 266491
What are the prime factors of 1451758?
2, 7, 11, 857
What are the prime factors of 1011269?
7, 73, 1979
What are the prime factors of 16009107?
3, 5336369
What are the prime factors of 16231494?
2, 3, 2705249
List the prime factors of 74789.
11, 13, 523
What are the prime factors of 22520713?
59, 381707
What are the prime factors of 3106294?
2, 1553147
What are the prime factors of 333338?
2, 166669
What are the prime factors of 1816354?
2, 127, 7151
List the prime factors of 2627102.
2, 89, 14759
What are the prime factors of 48933?
3, 5437
List the prime factors of 102837.
3, 7, 59, 83
What are the prime factors of 9958?
2, 13, 383
List the prime factors of 3374310.
2, 3, 5, 137, 821
List the prime factors of 239374.
2, 119687
List the prime factors of 115774.
2, 107, 541
List the prime factors of 2578693.
13, 293, 677
What are the prime factors of 292229?
7, 109, 383
What are the prime factors of 662229?
3, 24527
What are the prime factors of 1893345?
3, 5, 126223
List the prime factors of 431758.
2, 61, 3539
List the prime factors of 2728094.
2, 1364047
What are the prime factors of 184519?
37, 4987
List the prime factors of 6098.
2, 3049
What are the prime factors of 57019?
19, 3001
List the prime factors of 16668730.
2, 5, 13, 128221
List the prime factors of 23930.
2, 5, 2393
What are the prime factors of 11651029?
13, 71, 971
What are the prime factors of 866619?
3, 13, 823
What are the prime factors of 6371627?
6371627
List the prime factors of 8876929.
29, 37, 8273
List the prime factors of 315442.
2, 157721
What are the prime factors of 4705350?
2, 3, 5, 13, 19, 127
List the prime factors of 1153845.
3, 5, 7, 11, 37
What are the prime factors of 18246127?
18246127
What are the prime factors of 1694401?
19, 257, 347
List the prime factors of 1576359.
3, 17, 10303
List the prime factors of 26065.
5, 13, 401
List the prime factors of 16701792.
2, 3, 173977
What are the prime factors of 847465?
5, 169493
What are the prime factors of 639679?
639679
List the prime factors of 533646.
2, 3, 23, 1289
List the prime factors of 714916.
2, 367, 487
What are the prime factors of 35175616?
2, 7, 78517
List the prime factors of 4607264.
2, 143977
What are the prime factors of 7083737?
7083737
What are the prime factors of 8954529?
3, 17, 19, 9241
What are the prime factors of 1318773?
3, 47, 199
What are the prime factors of 640344?
2, 3, 26681
What are the prime factors of 688950?
2, 3, 5, 1531
List the prime factors of 4794633.
3, 6577
What are the prime factors of 2049157?
11, 107, 1741
What are the prime factors of 1901?
1901
List the prime factors of 963651.
3, 13, 24709
List the prime factors of 1593153.
3, 229, 773
List the prime factors of 1068573.
3, 11, 32381
List the prime factors of 803762.
2, 479, 839
List the prime factors of 2717436.
2, 3, 226453
What are the prime factors of 146447?
7, 20921
List the prime factors of 1116036.
2, 3, 29, 1069
List the prime factors of 14608880.
2, 5, 11, 13, 1277
What are the prime factors of 333857?
333857
What are the prime factors of 10064979?
3, 137, 907
List the prime factors of 296256.
2, 3, 1543
What are the prime factors of 2680946?
2, 37, 36229
List the prime factors of 6738312.
2, 3, 7, 19, 2111
List the prime factors of 819147.
3, 7, 19, 2053
List the prime factors of 533804.
2, 133451
List the prime factors of 3711773.
13, 285521
What are the prime factors of 168994?
2, 7, 12071
List the prime factors of 3392555.
5, 433, 1567
What are the prime factors of 2883434?
2, 31, 46507
What are the prime factors of 166210?
2, 5, 11, 1511
What are the prime factors of 13570296?
2, 3, 565429
What are the prime factors of 4901689?
13, 31, 12163
List the prime factors of 90336.
2, 3, 941
List the prime factors of 3410561.
7, 11, 44293
List the prime factors of 1143565.
5, 228713
List the prime factors of 2219303.
307, 7229
List the prime factors of 2671748.
2, 281, 2377
List the prime factors of 245228.
2, 101, 607
List the prime factors of 96749.
96749
List the prime factors of 132568.
2, 73, 227
List the prime factors of 8602701.
3, 83, 34549
What are the prime factors of 1905442?
2, 7, 11, 12373
What are the prime factors of 1534755?
3, 5, 102317
List the prime factors of 4012402.
2, 2006201
List the prime factors of 4780541.
31, 154211
List the prime factors of 19716439.
19716439
List the prime factors of 27633253.
27633253
List the prime factors of 12750886.
2, 179, 35617
What are the prime factors of 742119?
3, 7, 35339
What are the prime factors of 19064851?
13, 83, 17669
What are the prime factors of 1861891?
17, 31, 3533
What are the prime factors of 16283316?
2, 3, 7, 149, 1301
List the prime factors of 785923.
785923
List the prime factors of 1299822.
2, 3, 23, 9419
What are the prime factors of 1438972?
2, 23, 15641
List the prime factors of 17255.
5, 7, 17, 29
What are the prime factors of 543090?
2, 3, 5, 43, 421
List the prime factors of 21376910.
2, 5, 89, 24019
What are the prime factors of 3231521?
3231521
What are the prime factors of 433350?
2, 3, 5, 107
List the prime factors of 84243.
3, 28081
What are the prime factors of 39821328?
2, 3, 92179
List the prime factors of 4325126.
2, 13, 166351
What are the prime factors of 197130?
2, 3, 5, 6571
List the prime factors of 773812.
2, 13, 23, 647
What are the prime factors of 411519?
3, 17, 8069
List the prime factors of 5170371.
3, 73, 23609
List the prime factors of 770208.
2, 3, 71, 113
What are the prime factors of 11537672?
2, 1442209
List the prime factors of 335385.
3, 5, 29, 257
What are the prime factors of 3656?
2, 457
What are the prime factors of 518948?
2, 129737
What are the prime factors of 1708801?
137, 12473
What are the prime factors of 2331933?
3, 43, 18077
List the prime factors of 7464648.
2, 3, 311027
List the prime factors of 91050.
2, 3, 5, 607
List the prime factors of 2885375.
5, 41, 563
List the prime factors of 240004.
2, 29, 2069
What are the prime factors of 29836195?
5, 43, 73, 1901
What are the prime factors of 5223600?
2, 3, 5, 1451
What are the prime factors of 14948667?
3, 1660963
What are the prime factors of 5917114?
2, 7, 37, 11423
What are the prime factors of 508618?
2, 11, 61, 379
What are the prime factors of 290590?
2, 5, 29059
List the prime factors of 365151.
3, 59, 2063
List the prime factors of 244328.
2, 7, 4363
What are the prime factors of 381323?
381323
List the prime factors of 541139.
19, 1499
What are the prime factors of 524513?
11, 41, 1163
List the prime factors of 3471321.
3, 7, 23, 7187
What are the prime factors of 4400644?
2, 1100161
What are the prime factors of 51415?
5, 7, 13, 113
List the prime factors of 4731370.
2, 5, 7, 257, 263
What are the prime factors of 3791727?
3, 421303
What are the prime factors of 209236?
2, 17, 181
List the prime factors of 14964331.
211, 70921
What are the prime factors of 4480109?
139, 167, 193
What are the prime factors of 1171589?
17, 68917
List the prime factors of 190124.
2, 11, 29, 149
What are the prime factors of 1196345?
5, 23, 101, 103
List the prime factors of 8061544.
2, 1007693
List the prime factors of 2374674.
2, 3, 109, 3631
List the